{"id":4779,"date":"2021-12-03T11:24:15","date_gmt":"2021-12-03T09:24:15","guid":{"rendered":"https:\/\/www.itukylat.fi\/?page_id=4779"},"modified":"2021-12-03T11:24:15","modified_gmt":"2021-12-03T09:24:15","slug":"byacoachning","status":"publish","type":"page","link":"https:\/\/www.itukylat.fi\/sv\/foreningen\/byacoachning\/","title":{"rendered":"Byacoachning"},"content":{"rendered":"<p>BYACOACHNING \u2013 Expertis till byar och kvarter<\/p>\n<p>Syftet med projektet \u00e4r att f\u00f6rverkliga ett enhetligt utbildningsmaterial som ska anv\u00e4ndas f\u00f6r att utveckla byar och kvarter fr\u00e5n och med 2023.<\/p>\n<p>Under projektets g\u00e5ng g\u00f6rs det utbildningsmaterial om tio centrala teman inom byaverksamheten. N\u00e4r sj\u00e4lva projektet \u00e4r slutf\u00f6rt kompletteras och utvecklas helheten i forts\u00e4ttningen av Finlands Byar rf.<br \/>\nProjektet genomf\u00f6rs av Kymenlaakson Kyl\u00e4t ry, P\u00e4ij\u00e4t-H\u00e4meen Kyl\u00e4t, SILMU-byar och Nylands Byar rf. Projektet finansieras av Leader -grupperna i Nyland, P\u00e4ij\u00e4nne-Tavastland och Kymmenedalen.<\/p>\n<p>&nbsp;<\/p>\n<p><a href=\"https:\/\/www.itukylat.fi\/wp-content\/uploads\/2021\/12\/Kylakoutsi_logot.png\"><img loading=\"lazy\" decoding=\"async\" class=\"alignnone size-large wp-image-4776\" src=\"https:\/\/www.itukylat.fi\/wp-content\/uploads\/2021\/12\/Kylakoutsi_logot-1024x60.png\" alt=\"\" width=\"1024\" height=\"60\" data-id=\"4776\" srcset=\"https:\/\/www.itukylat.fi\/wp-content\/uploads\/2021\/12\/Kylakoutsi_logot-1024x60.png 1024w, https:\/\/www.itukylat.fi\/wp-content\/uploads\/2021\/12\/Kylakoutsi_logot-300x18.png 300w, https:\/\/www.itukylat.fi\/wp-content\/uploads\/2021\/12\/Kylakoutsi_logot-768x45.png 768w, https:\/\/www.itukylat.fi\/wp-content\/uploads\/2021\/12\/Kylakoutsi_logot-1536x90.png 1536w, https:\/\/www.itukylat.fi\/wp-content\/uploads\/2021\/12\/Kylakoutsi_logot.png 1999w\" sizes=\"auto, (max-width: 1024px) 100vw, 1024px\" \/><\/a><\/p>\n","protected":false},"excerpt":{"rendered":"<p>BYACOACHNING \u2013 Expertis till byar och kvarter Syftet med projektet \u00e4r att f\u00f6rverkliga ett enhetligt utbildningsmaterial som ska anv\u00e4ndas f\u00f6r att utveckla byar och kvarter fr\u00e5n och med 2023. Under projektets g\u00e5ng g\u00f6rs det utbildningsmaterial om tio centrala teman inom byaverksamheten. N\u00e4r sj\u00e4lva projektet \u00e4r slutf\u00f6rt kompletteras och utvecklas helheten i forts\u00e4ttningen av Finlands Byar [&hellip;]<\/p>\n","protected":false},"author":2,"featured_media":0,"parent":364,"menu_order":0,"comment_status":"closed","ping_status":"closed","template":"","meta":{"footnotes":""},"class_list":["post-4779","page","type-page","status-publish","hentry"],"_links":{"self":[{"href":"https:\/\/www.itukylat.fi\/sv\/wp-json\/wp\/v2\/pages\/4779","targetHints":{"allow":["GET"]}}],"collection":[{"href":"https:\/\/www.itukylat.fi\/sv\/wp-json\/wp\/v2\/pages"}],"about":[{"href":"https:\/\/www.itukylat.fi\/sv\/wp-json\/wp\/v2\/types\/page"}],"author":[{"embeddable":true,"href":"https:\/\/www.itukylat.fi\/sv\/wp-json\/wp\/v2\/users\/2"}],"replies":[{"embeddable":true,"href":"https:\/\/www.itukylat.fi\/sv\/wp-json\/wp\/v2\/comments?post=4779"}],"version-history":[{"count":1,"href":"https:\/\/www.itukylat.fi\/sv\/wp-json\/wp\/v2\/pages\/4779\/revisions"}],"predecessor-version":[{"id":4780,"href":"https:\/\/www.itukylat.fi\/sv\/wp-json\/wp\/v2\/pages\/4779\/revisions\/4780"}],"up":[{"embeddable":true,"href":"https:\/\/www.itukylat.fi\/sv\/wp-json\/wp\/v2\/pages\/364"}],"wp:attachment":[{"href":"https:\/\/www.itukylat.fi\/sv\/wp-json\/wp\/v2\/media?parent=4779"}],"curies":[{"name":"wp","href":"https:\/\/api.w.org\/{rel}","templated":true}]}}

<p>BYACOACHNING – Expertis till byar och kvarter</p>
<p>Syftet med projektet är att förverkliga ett enhetligt utbildningsmaterial som ska användas för att utveckla byar och kvarter från och med 2023.</p>
<p>Under projektets gång görs det utbildningsmaterial om tio centrala teman inom byaverksamheten. När själva projektet är slutfört kompletteras och utvecklas helheten i fortsättningen av Finlands Byar rf.<br />
Projektet genomförs av Kymenlaakson Kylät ry, Päijät-Hämeen Kylät, SILMU-byar och Nylands Byar rf. Projektet finansieras av Leader -grupperna i Nyland, Päijänne-Tavastland och Kymmenedalen.</p>
<p>&nbsp;</p>
<p><a href="https://www.itukylat.fi/wp-content/uploads/2021/12/Kylakoutsi_logot.png"><img loading="lazy" decoding="async" class="alignnone size-large wp-image-4776" src="https://www.itukylat.fi/wp-content/uploads/2021/12/Kylakoutsi_logot-1024x60.png" alt="" width="1024" height="60" data-id="4776" srcset="https://www.itukylat.fi/wp-content/uploads/2021/12/Kylakoutsi_logot-1024x60.png 1024w, https://www.itukylat.fi/wp-content/uploads/2021/12/Kylakoutsi_logot-300x18.png 300w, https://www.itukylat.fi/wp-content/uploads/2021/12/Kylakoutsi_logot-768x45.png 768w, https://www.itukylat.fi/wp-content/uploads/2021/12/Kylakoutsi_logot-1536x90.png 1536w, https://www.itukylat.fi/wp-content/uploads/2021/12/Kylakoutsi_logot.png 1999w" sizes="auto, (max-width: 1024px) 100vw, 1024px" /></a></p>

<p>BYACOACHNING – Expertis till byar och kvarter Syftet med projektet är att förverkliga ett enhetligt utbildningsmaterial som ska användas för att utveckla byar och kvarter från och med 2023. Under projektets gång görs det utbildningsmaterial om tio centrala teman inom byaverksamheten. När själva projektet är slutfört kompletteras och utvecklas helheten i fortsättningen av Finlands Byar [&hellip;]</p>
