{"id":3271,"date":"2019-05-21T11:48:07","date_gmt":"2019-05-21T08:48:07","guid":{"rendered":"https:\/\/www.itukylat.fi\/?page_id=3271"},"modified":"2025-10-28T13:44:20","modified_gmt":"2025-10-28T11:44:20","slug":"arets-by-arets-byagarning-2017","status":"publish","type":"page","link":"https:\/\/www.itukylat.fi\/sv\/foreningen\/arets-by-arets-byagarning-2017\/","title":{"rendered":"\u00c5rets by och byabedrifter"},"content":{"rendered":"<p>2025 Fantastiska evenemang premierades. Emsal\u00f6 Vapepa 60-\u00e5r och Mickel Back fr\u00e5n Liljendal <a href=\"https:\/\/www.itukylat.fi\/sv\/blog\/silmu-byar-belonade-lyckade-byaevenemang\/\">SILMU-byar bel\u00f6nade lyckade byaevenemang <\/a><\/p>\n<p>2025 \u00c5rets nyl\u00e4ndska by Bob\u00e4ck i Kyrksl\u00e4tt <a href=\"https:\/\/www.uudenmaankylat.fi\/sv\/kommunikation-sv\/kyrkslatts-boback-ar-arets-by-i-nyland-2025\/\">Kyrksl\u00e4tts Bob\u00e4ck \u00e4r \u00e5rets by i Nyland 2025 \u2013 Uudenmaan Kyl\u00e4t ry \u2013 Nylands Byar r.f.<\/a><\/p>\n<p>2024 \u00c5rets nyl\u00e4ndska by Pojo kyrkoby <a href=\"https:\/\/www.pohjapojo.fi\/uutiset\/pohjan-kirkonkyla-on-uudenmaan-vuod\/\">Pohjan kirkonkyl\u00e4 on Uudenmaan vuoden kyl\u00e4 2024 &#8211; Pojo kyrkoby \u00e4r \u00c5rets nyl\u00e4ndska by 2024 &#8211; Pohjan kirkonkyl\u00e4n kyl\u00e4yhdistys ry<\/a><\/p>\n<p>2023 Vinnaren \u2019El\u00e4mysten ilta\u2019 \u2013 En kv\u00e4ll full av upplevelser 18.6.2022, Arola-Jokelanseutu <a href=\"https:\/\/www.itukylat.fi\/sv\/blog\/fantastiska-byevenemang-hamtar-gladje-och-gemenskap-till-invanarna\/\">Fantastiska byevenemang h\u00e4mtar gl\u00e4dje och gemenskap till inv\u00e5narna<\/a><\/p>\n<p>2023 Pellinge \u00e4r \u00e5rets nyl\u00e4ndska by 2023 \u2013 hedersomn\u00e4mnande till Bredvik <a href=\"https:\/\/www.itukylat.fi\/sv\/blog\/pellinge-ar-arets-nylandska-by-2023-hedersomnamnande-till-bredvik\/\">Pellinge \u00e4r \u00e5rets nyl\u00e4ndska by 2023 \u2013 hedersomn\u00e4mnande till Bredvik<\/a><\/p>\n<p>2022 \u00c5rets byabedrift pristagare Sakari T\u00e4hk\u00e4p\u00e4\u00e4 fr\u00e5n byn Numminen <a href=\"https:\/\/www.itukylat.fi\/sv\/blog\/sakari-tahkapaa-fran-byn-numminen-i-mantsala-ar-vinnare-av-utmarkelsen-arets-byabedrift\/\">Sakari T\u00e4hk\u00e4p\u00e4\u00e4 fr\u00e5n byn Numminen \u00e4r vinnare av utm\u00e4rkelsen \u00c5rets byabedrift)<\/a><\/p>\n<p>2022 Hedersomn\u00e4mnande till Bromarv i nationell t\u00e4vling <a href=\"https:\/\/suomenkylat.fi\/suomen-vuoden-kyla-2022-on-raution-kyla-pohjois-pohjanmaalta\/\">Finlands byar artikel (p\u00e5 finska)<\/a><\/p>\n<p>2022 \u00c5rets nyl\u00e4ndska by Bromarv, Raseborg <a href=\"https:\/\/www.itukylat.fi\/sv\/blog\/bromarv-ar-arets-nylandska-by-2022-hedersomnamnande-till-pojo-kyrkoby\/\">Bromarv \u00e4r \u00c5rets Nyl\u00e4ndska By 2022 \u2013 hedersomn\u00e4mnande till Pojo kyrkoby<\/a><\/p>\n<p>2021 \u00c5rets nyl\u00e4ndska by Kullo, Borg\u00e5 <a href=\"https:\/\/www.itukylat.fi\/sv\/blog\/kullo-ar-arets-nylandska-by-2021\/\">Kullo \u00e4r \u00c5rets Nyl\u00e4ndska By 2021<\/a><\/p>\n<p>2021 \u00c5rets byabedrift pristagare musikern Henna Nieminen <a href=\"https:\/\/www.itukylat.fi\/sv\/blog\/silmu-byar-delade-ut-pris-till-byaktorer-under-varmotet\/\">SILMU-byar delade ut pris till byakt\u00f6rer under v\u00e5rm\u00f6tet<\/a><\/p>\n<p>2020 \u00c5rets byabedrift, Ohkola skolas lekpark, M\u00e4nts\u00e4l\u00e4 <a href=\"https:\/\/www.itukylat.fi\/sv\/blog\/arets-byabedrift-utmarkelsen-gick-enhalligt-till-aktorer-i-byn-ohkola-i-mantsala\/\">L\u00e4s mer<\/a><\/p>\n<p>2020 \u00c5rets nyl\u00e4ndska by Huuvari-S\u00e4rkij\u00e4rvi, Askola <a href=\"https:\/\/www.uudenmaanliitto.fi\/uudenmaan_liitto\/uutishuone\/tiedotteet\/uudenmaan_huiput_palkittiin_maakuntaparlamentissa_19.11..35366.blog\">L\u00e4s mer Nylands f\u00f6rbund<\/a><\/p>\n<p>2019 \u00c5rets SILMU by Kerko, Borg\u00e5 <a href=\"https:\/\/www.itukylat.fi\/sv\/blog\/kerko-i-borga-ar-arets-silmu-by-2019\/\">L\u00e4s mer<\/a><\/p>\n<p>2018 Hedersomn\u00e4mnande i den nationella \u00c5rets by t\u00e4vlingen Str\u00f6mfors, Lovisa <a href=\"https:\/\/www.itukylat.fi\/blog\/kunniamaininta-ruotsinpyhtaan-ruukille-valtakunnallisessa-vuoden-kyla-kisassa\/\">L\u00e4s mer<\/a><\/p>\n<p>2018 \u00c5rets nyl\u00e4ndska by Str\u00f6mfors, Lovisa <a href=\"https:\/\/www.itukylat.fi\/blog\/ruotsinpyhtaan-ruukki-vastaanotti-vuoden-uusmaalainen-kyla-2018-palkinnon\/\">L\u00e4s mer<\/a><\/p>\n<p>2018 \u00c5rets byag\u00e4rning Kerkkoon Nuorisoseuran nuorisokahvilatoiminta Nuoska, Borg\u00e5\u00a0<a href=\"https:\/\/www.itukylat.fi\/blog\/vuoden-kylateko-2018-on-kerkkoon-nuorisoseuran-nuorisokahvilatoiminta-nuoska\/\">L\u00e4s mer<\/a><\/p>\n<p>2017 \u00c5rets SILMU by Ekn\u00e4s-Siggb\u00f6le, Borg\u00e5 <a href=\"https:\/\/www.itukylat.fi\/sv\/blog\/silmu-rf-fyllde-10-ar-och-belonade-projekt-och-en-byagarning\/\">L\u00e4s mer<\/a><\/p>\n<p>&nbsp;<\/p>\n<div id=\"attachment_2937\" style=\"width: 1034px\" class=\"wp-caption alignleft\"><a href=\"https:\/\/www.itukylat.fi\/wp-content\/uploads\/2018\/09\/Lokaali-2.9.2018-Kuvassa.jpg\"><img loading=\"lazy\" decoding=\"async\" aria-describedby=\"caption-attachment-2937\" class=\"wp-image-2937 size-large\" src=\"https:\/\/www.itukylat.fi\/wp-content\/uploads\/2018\/09\/Lokaali-2.9.2018-Kuvassa-1024x593.jpg\" alt=\"\" width=\"1024\" height=\"593\" data-id=\"2937\" srcset=\"https:\/\/www.itukylat.fi\/wp-content\/uploads\/2018\/09\/Lokaali-2.9.2018-Kuvassa-1024x593.jpg 1024w, https:\/\/www.itukylat.fi\/wp-content\/uploads\/2018\/09\/Lokaali-2.9.2018-Kuvassa-300x174.jpg 300w, https:\/\/www.itukylat.fi\/wp-content\/uploads\/2018\/09\/Lokaali-2.9.2018-Kuvassa-768x445.jpg 768w\" sizes=\"auto, (max-width: 1024px) 100vw, 1024px\" \/><\/a><p id=\"caption-attachment-2937\" class=\"wp-caption-text\">Ruotsinpyht\u00e4\u00e4n Kymijokilaakson kylien kyl\u00e4yhdistys ry:s representanter 2018<\/p><\/div>\n","protected":false},"excerpt":{"rendered":"<p>2025 Fantastiska evenemang premierades. Emsal\u00f6 Vapepa 60-\u00e5r och Mickel Back fr\u00e5n Liljendal SILMU-byar bel\u00f6nade lyckade byaevenemang 2025 \u00c5rets nyl\u00e4ndska by Bob\u00e4ck i Kyrksl\u00e4tt Kyrksl\u00e4tts Bob\u00e4ck \u00e4r \u00e5rets by i Nyland 2025 \u2013 Uudenmaan Kyl\u00e4t ry \u2013 Nylands Byar r.f. 2024 \u00c5rets nyl\u00e4ndska by Pojo kyrkoby Pohjan kirkonkyl\u00e4 on Uudenmaan vuoden kyl\u00e4 2024 &#8211; Pojo kyrkoby [&hellip;]<\/p>\n","protected":false},"author":2,"featured_media":0,"parent":364,"menu_order":0,"comment_status":"closed","ping_status":"closed","template":"","meta":{"footnotes":""},"class_list":["post-3271","page","type-page","status-publish","hentry"],"_links":{"self":[{"href":"https:\/\/www.itukylat.fi\/sv\/wp-json\/wp\/v2\/pages\/3271","targetHints":{"allow":["GET"]}}],"collection":[{"href":"https:\/\/www.itukylat.fi\/sv\/wp-json\/wp\/v2\/pages"}],"about":[{"href":"https:\/\/www.itukylat.fi\/sv\/wp-json\/wp\/v2\/types\/page"}],"author":[{"embeddable":true,"href":"https:\/\/www.itukylat.fi\/sv\/wp-json\/wp\/v2\/users\/2"}],"replies":[{"embeddable":true,"href":"https:\/\/www.itukylat.fi\/sv\/wp-json\/wp\/v2\/comments?post=3271"}],"version-history":[{"count":10,"href":"https:\/\/www.itukylat.fi\/sv\/wp-json\/wp\/v2\/pages\/3271\/revisions"}],"predecessor-version":[{"id":6533,"href":"https:\/\/www.itukylat.fi\/sv\/wp-json\/wp\/v2\/pages\/3271\/revisions\/6533"}],"up":[{"embeddable":true,"href":"https:\/\/www.itukylat.fi\/sv\/wp-json\/wp\/v2\/pages\/364"}],"wp:attachment":[{"href":"https:\/\/www.itukylat.fi\/sv\/wp-json\/wp\/v2\/media?parent=3271"}],"curies":[{"name":"wp","href":"https:\/\/api.w.org\/{rel}","templated":true}]}}

Årets by och byabedrifter

<p>2025 Fantastiska evenemang premierades. Emsalö Vapepa 60-år och Mickel Back från Liljendal <a href="https://www.itukylat.fi/sv/blog/silmu-byar-belonade-lyckade-byaevenemang/">SILMU-byar belönade lyckade byaevenemang </a></p>
<p>2025 Årets nyländska by Bobäck i Kyrkslätt <a href="https://www.uudenmaankylat.fi/sv/kommunikation-sv/kyrkslatts-boback-ar-arets-by-i-nyland-2025/">Kyrkslätts Bobäck är årets by i Nyland 2025 – Uudenmaan Kylät ry – Nylands Byar r.f.</a></p>
<p>2024 Årets nyländska by Pojo kyrkoby <a href="https://www.pohjapojo.fi/uutiset/pohjan-kirkonkyla-on-uudenmaan-vuod/">Pohjan kirkonkylä on Uudenmaan vuoden kylä 2024 &#8211; Pojo kyrkoby är Årets nyländska by 2024 &#8211; Pohjan kirkonkylän kyläyhdistys ry</a></p>
<p>2023 Vinnaren ’Elämysten ilta’ – En kväll full av upplevelser 18.6.2022, Arola-Jokelanseutu <a href="https://www.itukylat.fi/sv/blog/fantastiska-byevenemang-hamtar-gladje-och-gemenskap-till-invanarna/">Fantastiska byevenemang hämtar glädje och gemenskap till invånarna</a></p>
<p>2023 Pellinge är årets nyländska by 2023 – hedersomnämnande till Bredvik <a href="https://www.itukylat.fi/sv/blog/pellinge-ar-arets-nylandska-by-2023-hedersomnamnande-till-bredvik/">Pellinge är årets nyländska by 2023 – hedersomnämnande till Bredvik</a></p>
<p>2022 Årets byabedrift pristagare Sakari Tähkäpää från byn Numminen <a href="https://www.itukylat.fi/sv/blog/sakari-tahkapaa-fran-byn-numminen-i-mantsala-ar-vinnare-av-utmarkelsen-arets-byabedrift/">Sakari Tähkäpää från byn Numminen är vinnare av utmärkelsen Årets byabedrift)</a></p>
<p>2022 Hedersomnämnande till Bromarv i nationell tävling <a href="https://suomenkylat.fi/suomen-vuoden-kyla-2022-on-raution-kyla-pohjois-pohjanmaalta/">Finlands byar artikel (på finska)</a></p>
<p>2022 Årets nyländska by Bromarv, Raseborg <a href="https://www.itukylat.fi/sv/blog/bromarv-ar-arets-nylandska-by-2022-hedersomnamnande-till-pojo-kyrkoby/">Bromarv är Årets Nyländska By 2022 – hedersomnämnande till Pojo kyrkoby</a></p>
<p>2021 Årets nyländska by Kullo, Borgå <a href="https://www.itukylat.fi/sv/blog/kullo-ar-arets-nylandska-by-2021/">Kullo är Årets Nyländska By 2021</a></p>
<p>2021 Årets byabedrift pristagare musikern Henna Nieminen <a href="https://www.itukylat.fi/sv/blog/silmu-byar-delade-ut-pris-till-byaktorer-under-varmotet/">SILMU-byar delade ut pris till byaktörer under vårmötet</a></p>
<p>2020 Årets byabedrift, Ohkola skolas lekpark, Mäntsälä <a href="https://www.itukylat.fi/sv/blog/arets-byabedrift-utmarkelsen-gick-enhalligt-till-aktorer-i-byn-ohkola-i-mantsala/">Läs mer</a></p>
<p>2020 Årets nyländska by Huuvari-Särkijärvi, Askola <a href="https://www.uudenmaanliitto.fi/uudenmaan_liitto/uutishuone/tiedotteet/uudenmaan_huiput_palkittiin_maakuntaparlamentissa_19.11..35366.blog">Läs mer Nylands förbund</a></p>
<p>2019 Årets SILMU by Kerko, Borgå <a href="https://www.itukylat.fi/sv/blog/kerko-i-borga-ar-arets-silmu-by-2019/">Läs mer</a></p>
<p>2018 Hedersomnämnande i den nationella Årets by tävlingen Strömfors, Lovisa <a href="https://www.itukylat.fi/blog/kunniamaininta-ruotsinpyhtaan-ruukille-valtakunnallisessa-vuoden-kyla-kisassa/">Läs mer</a></p>
<p>2018 Årets nyländska by Strömfors, Lovisa <a href="https://www.itukylat.fi/blog/ruotsinpyhtaan-ruukki-vastaanotti-vuoden-uusmaalainen-kyla-2018-palkinnon/">Läs mer</a></p>
<p>2018 Årets byagärning Kerkkoon Nuorisoseuran nuorisokahvilatoiminta Nuoska, Borgå <a href="https://www.itukylat.fi/blog/vuoden-kylateko-2018-on-kerkkoon-nuorisoseuran-nuorisokahvilatoiminta-nuoska/">Läs mer</a></p>
<p>2017 Årets SILMU by Eknäs-Siggböle, Borgå <a href="https://www.itukylat.fi/sv/blog/silmu-rf-fyllde-10-ar-och-belonade-projekt-och-en-byagarning/">Läs mer</a></p>
<p>&nbsp;</p>
<div id="attachment_2937" style="width: 1034px" class="wp-caption alignleft"><a href="https://www.itukylat.fi/wp-content/uploads/2018/09/Lokaali-2.9.2018-Kuvassa.jpg"><img loading="lazy" decoding="async" aria-describedby="caption-attachment-2937" class="wp-image-2937 size-large" src="https://www.itukylat.fi/wp-content/uploads/2018/09/Lokaali-2.9.2018-Kuvassa-1024x593.jpg" alt="" width="1024" height="593" data-id="2937" srcset="https://www.itukylat.fi/wp-content/uploads/2018/09/Lokaali-2.9.2018-Kuvassa-1024x593.jpg 1024w, https://www.itukylat.fi/wp-content/uploads/2018/09/Lokaali-2.9.2018-Kuvassa-300x174.jpg 300w, https://www.itukylat.fi/wp-content/uploads/2018/09/Lokaali-2.9.2018-Kuvassa-768x445.jpg 768w" sizes="auto, (max-width: 1024px) 100vw, 1024px" /></a><p id="caption-attachment-2937" class="wp-caption-text">Ruotsinpyhtään Kymijokilaakson kylien kyläyhdistys ry:s representanter 2018</p></div>

<p>2025 Fantastiska evenemang premierades. Emsalö Vapepa 60-år och Mickel Back från Liljendal SILMU-byar belönade lyckade byaevenemang 2025 Årets nyländska by Bobäck i Kyrkslätt Kyrkslätts Bobäck är årets by i Nyland 2025 – Uudenmaan Kylät ry – Nylands Byar r.f. 2024 Årets nyländska by Pojo kyrkoby Pohjan kirkonkylä on Uudenmaan vuoden kylä 2024 &#8211; Pojo kyrkoby [&hellip;]</p>
