{"id":1148,"date":"2015-01-27T14:12:32","date_gmt":"2015-01-27T12:12:32","guid":{"rendered":"http:\/\/www.itukylat.fi\/?page_id=1148"},"modified":"2024-02-14T12:01:46","modified_gmt":"2024-02-14T10:01:46","slug":"oppna-byar-2","status":"publish","type":"page","link":"https:\/\/www.itukylat.fi\/sv\/oppna-byar-2\/","title":{"rendered":"\u00d6ppna Byar"},"content":{"rendered":"<p>\u00d6ppna Byar \u00e4r ett riksomfattande byadag f\u00f6r byaverksamheten i Finland. Evenemanget \u00f6kar byaverksamhetens synlighet och bidrar till en positiv bild av landsbygden. <a href=\"https:\/\/suomenkylat.fi\/ajankohtaista\/tapahtumat\/avoimet-kylat\">Avoimet Kyl\u00e4t &#8211; Suomen Kyl\u00e4t (suomenkylat.fi)<\/a><\/p>\n<p>\u00d6ppna Byar -dagen arrangeras av Finlands byar rf och landskapens byaf\u00f6reningar tillsammans. <a href=\"https:\/\/suomenkylat.fi\/\">Suomen Kyl\u00e4t ry &#8211; Paikallisen kehitt\u00e4misen puolestapuhuja (suomenkylat.fi)<\/a><\/p>\n<p>&nbsp;<\/p>\n<p>&nbsp;<\/p>\n<p>&nbsp;<\/p>\n<p>&nbsp;<\/p>\n","protected":false},"excerpt":{"rendered":"<p>\u00d6ppna Byar \u00e4r ett riksomfattande byadag f\u00f6r byaverksamheten i Finland. Evenemanget \u00f6kar byaverksamhetens synlighet och bidrar till en positiv bild av landsbygden. Avoimet Kyl\u00e4t &#8211; Suomen Kyl\u00e4t (suomenkylat.fi) \u00d6ppna Byar -dagen arrangeras av Finlands byar rf och landskapens byaf\u00f6reningar tillsammans. Suomen Kyl\u00e4t ry &#8211; Paikallisen kehitt\u00e4misen puolestapuhuja (suomenkylat.fi) &nbsp; &nbsp; &nbsp; &nbsp;<\/p>\n","protected":false},"author":2,"featured_media":0,"parent":0,"menu_order":0,"comment_status":"closed","ping_status":"closed","template":"","meta":{"footnotes":""},"class_list":["post-1148","page","type-page","status-publish","hentry"],"_links":{"self":[{"href":"https:\/\/www.itukylat.fi\/sv\/wp-json\/wp\/v2\/pages\/1148","targetHints":{"allow":["GET"]}}],"collection":[{"href":"https:\/\/www.itukylat.fi\/sv\/wp-json\/wp\/v2\/pages"}],"about":[{"href":"https:\/\/www.itukylat.fi\/sv\/wp-json\/wp\/v2\/types\/page"}],"author":[{"embeddable":true,"href":"https:\/\/www.itukylat.fi\/sv\/wp-json\/wp\/v2\/users\/2"}],"replies":[{"embeddable":true,"href":"https:\/\/www.itukylat.fi\/sv\/wp-json\/wp\/v2\/comments?post=1148"}],"version-history":[{"count":6,"href":"https:\/\/www.itukylat.fi\/sv\/wp-json\/wp\/v2\/pages\/1148\/revisions"}],"predecessor-version":[{"id":5696,"href":"https:\/\/www.itukylat.fi\/sv\/wp-json\/wp\/v2\/pages\/1148\/revisions\/5696"}],"wp:attachment":[{"href":"https:\/\/www.itukylat.fi\/sv\/wp-json\/wp\/v2\/media?parent=1148"}],"curies":[{"name":"wp","href":"https:\/\/api.w.org\/{rel}","templated":true}]}}

Öppna Byar

<p>Öppna Byar är ett riksomfattande byadag för byaverksamheten i Finland. Evenemanget ökar byaverksamhetens synlighet och bidrar till en positiv bild av landsbygden. <a href="https://suomenkylat.fi/ajankohtaista/tapahtumat/avoimet-kylat">Avoimet Kylät &#8211; Suomen Kylät (suomenkylat.fi)</a></p>
<p>Öppna Byar -dagen arrangeras av Finlands byar rf och landskapens byaföreningar tillsammans. <a href="https://suomenkylat.fi/">Suomen Kylät ry &#8211; Paikallisen kehittämisen puolestapuhuja (suomenkylat.fi)</a></p>
<p>&nbsp;</p>
<p>&nbsp;</p>
<p>&nbsp;</p>
<p>&nbsp;</p>

<p>Öppna Byar är ett riksomfattande byadag för byaverksamheten i Finland. Evenemanget ökar byaverksamhetens synlighet och bidrar till en positiv bild av landsbygden. Avoimet Kylät &#8211; Suomen Kylät (suomenkylat.fi) Öppna Byar -dagen arrangeras av Finlands byar rf och landskapens byaföreningar tillsammans. Suomen Kylät ry &#8211; Paikallisen kehittämisen puolestapuhuja (suomenkylat.fi) &nbsp; &nbsp; &nbsp; &nbsp;</p>
